133?
19
Suppose -3*d + 5*c = -4*d + 337, -4*d + 1263 = 3*c. Let o = 338 - d. What is the greatest common divisor of o and 598?
26
Suppose -3*h + 13474 = 2*c, 38*h - 42*h + 17980 = -c. Calculate the highest common factor of 168 and h.
42
Let q(u) = 21*u**3 - 3*u**2 + 3*u - 3. Suppose 2 = -4*h + 5*h. Let g be q(h). Let l be (9 - g)*(-4)/6. What is the highest common factor of l and 10?
10
Let t(b) = 36 + 127*b - 126*b - 7. Let o be t(-8). Calculate the highest common factor of 42 and o.
21
Suppose 5*r - 97 - 158 = 0. Suppose 8*q - 3*q = 105. Let v = r - q. What is the greatest common divisor of 10 and v?
10
Let x(g) = -7 - 4 - 8 - 7*g + 11. Let a be x(-4). Suppose -25*t + 120 = -a*t. What is the greatest common divisor of t and 6?
6
Let l(u) = -3500*u - 1. Let s be l(-1). Suppose -2*c + 3035 = -s. Suppose -8*k - c = -19*k. What is the greatest common factor of k and 33?
33
Let o be 1*(1 + 1) + 142/71. Suppose -o*y - 3*d = 6 - 77, -1 = -d. Calculate the highest common divisor of y and 1.
1
Let o be 2/((-6)/(-7722)*13). Calculate the highest common factor of 88 and o.
22
Suppose -3*z - 212 + 135 = -2*h, 3*h - 93 = -3*z. Calculate the greatest common factor of 34 and h.
34
Let c(l) = -23*l - 2700. Let p be c(-129). What is the greatest common divisor of 5696 and p?
89
Let i be 14832/(-60)*(-25 - (2 - -3)). Calculate the greatest common divisor of 288 and i.
72
Let t(h) be the second derivative of 3/20*h**5 + 0*h**4 + 1/2*h**2 + 19*h + 0 - h**3. Let m be t(2). Calculate the greatest common factor of 143 and m.
13
Let v = -922 + 925. Let b = -22 - -23. Let j = b + 0. What is the greatest common factor of v and j?
1
Let r = -27 + 29. Suppose 4*p + 173 = -3*x + 1176, p - r*x = 259. Let n be (4 - 5 - -1) + 2 + 21. Calculate the greatest common divisor of n and p.
23
Suppose 5*r = -c + 22, 5*r = 4*c + 6 + 6. Let y be (3 + -7)/r*55. Let x = 8 - y. What is the greatest common divisor of x and 9?
9
Let r be -7*((1 - 3)/(-2) + -5). Let h be (4/32*2)/(1/r). Let o(p) = 7*p + 5. Let s be o(h). Calculate the highest common factor of 6 and s.
6
Let c be -64*(-21)/168*22. Suppose -4*x - 11 = -55. What is the highest common factor of x and c?
11
Let b = -488 - -486. Let v be b*(-6 + 1 - -1). Calculate the greatest common factor of 108 and v.
4
Let p(f) = -14*f + 9. Let x be p(0). What is the greatest common factor of 31 and x?
1
Let n be 0 + 6 + -14 + 10. Let h(p) = -22*p**n + 6*p + 39 - 27*p - p**3 - 33. Let z be h(-21). Calculate the greatest common factor of 6 and z.
6
Let v(h) = -h**3 + 35*h**2 - 42*h + 313. Let p be v(34). Calculate the highest common divisor of p and 2419.
41
Suppose -2*o - 18*p = -13*p - 1167, -o + 581 = 3*p. Suppose 221 = -5*q + o. Calculate the highest common divisor of q and 50.
25
Let k(a) = 10*a - 13 + 54 - a - 5*a. Let z be k(-9). Calculate the highest common factor of 15 and z.
5
Let q(d) = -954*d - 317. Let k be q(-1). What is the highest common divisor of 1001 and k?
91
Let w(u) = -7*u**3 - 11*u**2 + 9*u - 4. Let o be w(4). Let f = o + 618. What is the highest common divisor of 689 and f?
13
Let q = 182 - 182. Suppose q = 2*u - 151 - 115. Calculate the greatest common factor of 76 and u.
19
Let m be -6*(20/30 + (-1)/1). Suppose 0 = -5*p - u + 86, -5*u = p + m*p - 56. Calculate the greatest common divisor of p and 119.
17
Let u be (-196)/2450 + (-654)/(-50). What is the highest common factor of u and 23920?
13
Let b be (-91)/(-65) - 3287/(-95). What is the greatest common divisor of 5058 and b?
18
Let j(s) = 0*s + 20 + 3*s + 0*s. Let t be j(7). Let h = 74 - t. Calculate the greatest common factor of 11 and h.
11
Suppose -3 = -3*i, 5*u = 2*i + 3*i + 175. Let t be (12 + (-236)/20)/(6/250) + 279/(-837). What is the greatest common factor of u and t?
4
Suppose 2059 - 13806 + 803 = -342*l. What is the greatest common divisor of l and 668?
4
Let x be 5 + -1 - (39/52 + 71148/(-16)). Calculate the greatest common divisor of 534 and x.
178
Suppose 4857*n + 76921 = 4870*n. Calculate the greatest common factor of n and 61.
61
Let d(y) = 27*y + 366 - 422 - 11*y - y**2. Let h be d(10). Suppose -27 = -3*o + 3*l, -o - h*o - 2*l + 31 = 0. Calculate the highest common divisor of o and 133.
7
Let d be (890/50 + -18)*-55. Calculate the greatest common divisor of 20977 and d.
11
Suppose 45*x = 38*x + 2870. Suppose b = -4*s + 73, -10*b + 5*s - x = -15*b. Let r = 17 + -12. What is the highest common divisor of b and r?
5
Let y be (2 - (-8)/(-3))*-3*1. Let v(o) = -o**2 + 8*o + 11. Let r be v(8). What is the greatest common factor of y and r?
1
Suppose -10*h = 2718 - 10078. What is the highest common factor of 23 and h?
23
Let i(d) = d**2 - 29*d + 213. Let f be i(-49). What is the greatest common factor of 15 and f?
15
Let l be (-169)/(-3) + 2/(-6). Let j(f) = -3*f + 44. Let g = -112 + 124. Let s be j(g). What is the greatest common factor of l and s?
8
Suppose -8*y = -5*y. Suppose y*h + 12*h = 24. Suppose 2 - 5 = k, h*d - 119 = 3*k. Calculate the highest common divisor of d and 5.
5
Let a(q) = 2*q + 5. Let z be a(3). Suppose -v - 5*r + z = 0, 5*r + 13 = v - 8. Let s = -11 + 27. Calculate the greatest common divisor of v and s.
16
Suppose 4*r = -q + 28, -q = -r - 3*q. Suppose 2*w - 6 = r. Calculate the greatest common factor of 7 and w.
7
Let w be (-12)/18 + (-30)/9. Let i = w - -39. Suppose -70 = -40*m + i*m. What is the highest common factor of 14 and m?
14
Let z(d) be the second derivative of d**4/12 - 5*d**3/6 + 41*d**2/2 - 136*d. Let a be z(7). What is the highest common divisor of a and 605?
55
Suppose 153*a = 88*a + 80*a - 30. What is the greatest common divisor of 501 and a?
1
Let p(m) be the second derivative of -m**5/20 + 2*m**4 - 9*m**3 - 17*m**2/2 + 74*m. Let w be p(21). What is the highest common factor of 258 and w?
86
Let i(l) = -332*l + 1234. Let c be i(-8). Calculate the greatest common divisor of c and 20.
10
Suppose -13*a + a = -528. Let p be a/66 + (-16)/(-3) + 0. Let j be (-17)/(-1) + 2/(p/(-9)). What is the highest common factor of 7 and j?
7
Let c = -91 - -203. Suppose c = 3*v - l, 2*l = -3*v - l + 108. Let h = 61 - v. What is the highest common factor of 168 and h?
24
Suppose -4 = -2*m, -8 = -d - m - m. Let k(r) = -d*r + r**2 + 2 + 4 + r**2 + r**2. Let a be k(4). Calculate the highest common factor of a and 95.
19
Let d(g) = -7*g**2 - 165*g + 98. Let p be d(-24). What is the greatest common factor of p and 4238?
26
Suppose -17589 = -54*h + 21*h. Calculate the highest common factor of 156 and h.
13
Suppose 0 = 13*z + 170 - 27. Let p be ((-2)/z - 7147/(-77))/1. Calculate the greatest common divisor of 31 and p.
31
Let y(t) = 3*t + 10*t - 192 - 2*t + 0*t. Let m be y(19). Calculate the highest common factor of 153 and m.
17
Let w be ((-17)/(187/4015))/(5/(-2)). What is the greatest common divisor of w and 8?
2
Suppose -142*x + 147*x - 10 = 0. Suppose -n - 13*l + 28 = -17*l, -x*l + 28 = n. What is the highest common divisor of n and 84?
28
Suppose 2888*r - 2917*r + 18850 = 0. What is the greatest common factor of r and 175?
25
Suppose -4*z = -3*i - 871, -2*z - 2*i + 86 + 360 = 0. Suppose 0 = -22*h + 330 + z. Calculate the greatest common factor of h and 400.
25
Let s = -608 - -1158. Suppose -4*q - 3 + 11 = 0. Let j be s/45 - q/9. Calculate the highest common factor of 96 and j.
12
Let m(k) = -k**3 + 55*k**2 - 179*k - 153. Let c be m(51). What is the highest common factor of 88 and c?
22
Let k(f) = -f + 75. Suppose 15*p - 8*p - 105 = 0. Let c be k(p). Calculate the greatest common divisor of c and 20.
20
Let i(s) = -3*s. Let t(m) = -137*m - 35. Let l(f) = -5*i(f) - t(f). Let u be l(1). Calculate the greatest common factor of u and 33.
11
Let y(t) = 121*t + 739. Let s be y(-6). What is the highest common factor of s and 4381?
13
Suppose -8*k = -736 + 79 + 57. Suppose -2*r + 93 = -7. Calculate the greatest common factor of k and r.
25
Let f = -10 - -7. Let o be f/(-1*6/64). Suppose 41*d + 33*d - 5920 = 0. What is the greatest common divisor of d and o?
16
Suppose 3*f - 3*g = -24 + 30, 10 = 3*f - g. Suppose 2*r + 3*b - 1591 = -3*r, -332 = -r + f*b. Calculate the highest common factor of 20 and r.
20
Suppose 4*l + 22 - 70 = 0. Suppose -5*o - 2 = -4*g - l, 0 = -5*o - 2*g + 40. Let t(y) = 5*y - 25. Let v be t(o). Calculate the highest commo